 divided by (-159)/(-15) + (-21 - -11) + 1662/5.
331
Suppose -106*p + 71479 = -58371. Calculate the remainder when p is divided by 11.
4
Let p(h) = h**3 + 8*h**2 - 105*h + 49. Let d(v) = 94*v. Calculate the remainder when d(1) is divided by p(-15).
45
Suppose -s = -3*d - 131, -s + 5*d = -3*s + 240. Let r be 5*-1 + -4 + (-4 - -12). Calculate the remainder when s is divided by (r/(-2))/(3*(-1)/(-252)).
41
Suppose -1247 = 12*q + 241. Let d = -114 - q. Calculate the remainder when 19 is divided by d.
9
Let a(t) = 2*t**2 + 21*t - 13. Let b be -5 + 13 + (9 - -1)/5. What is the remainder when a(b) is divided by 57?
55
Let f(q) = 71*q**2 + q + 2. Let l be f(-1). Let d = 40 - l. Let a = d + 39. Calculate the remainder when a is divided by 4.
3
Suppose 8*z = 11*z - 9. Suppose -t + 15 = 4*k, 0 + 9 = 3*t. Suppose 34 = k*g + 10. Calculate the remainder when g is divided by z.
2
Suppose 19*o = -10 + 10. Suppose 2*c - 5*n - 15 - 18 = o, n - 3 = 0. Calculate the remainder when 52 is divided by c.
4
Let a be 0 - -2 - 0 - 0. Suppose 29 = -a*d + 123. Let l(y) = 50*y + 1510. Calculate the remainder when d is divided by l(-30).
7
Suppose 6*t + 28*t - 95668 = -29674. What is the remainder when t is divided by 103?
87
Let r be 4 + (-11 - -4) - (-548 + 6). Let d = -366 + r. What is the remainder when d is divided by 60?
53
Let t(r) = -r**3 + 17*r**2 + 20*r + 12. Calculate the remainder when t(16) is divided by 33.
27
Let j(v) = 14*v**3 + 4*v**2 + 3*v + 2. Let q be j(-2). Let o = 268 + -260. What is the remainder when -4 - q/o*2 is divided by 5?
1
Let p(q) = 17*q - 43. Let m be p(5). Suppose 66*f - 61*f = -3*z + 34, m = 3*z + 3*f. Calculate the remainder when 51 is divided by z.
15
Suppose y = -2*v + 33, -117 = -4*y - 3*v - 5. Let d = 47 - 21. Suppose -2*r = -3*n - d, -3*n + 27 = 4*r - y. What is the remainder when r is divided by 6?
1
Let x be (-3)/(-4 - (-205)/55). Let n = x + 13. What is the remainder when 59 is divided by n?
11
Let w be 10/95 - 8/76. Suppose w = 3*t - 2*l - 74, -3*l = 4*t + 2*l - 137. Calculate the remainder when t is divided by (-1)/(4/(-4*11)).
6
Suppose 117*j - 5600 = 67*j. What is the remainder when 30798 is divided by j?
110
Suppose 7*q = -133 - 133. Let x = 23 - 147. Let z = q - x. What is the remainder when z is divided by 15?
11
Suppose 4*d = -5*k + 221 + 138, -7*k = 7. What is the remainder when 998 is divided by d?
88
Let q(r) = r**2 - 14*r - 502. Calculate the remainder when 594 is divided by q(-18).
2
Suppose 0 = -8*z + 4*z. Suppose 4*h - 812 = 4*b - 36, z = -h - 4*b + 184. Suppose -3*u - h = -11*u. Calculate the remainder when 88 is divided by u.
16
Let f(u) = 2*u**3 + 39*u**2 + 20*u + 15. Let i be f(-19). Let d(k) = -27*k - 100. What is the remainder when 62 is divided by d(i)?
6
Suppose 52*h + 1891 - 8495 = 0. Let k be 2*-1*(-1101)/6. Suppose 4*z = -3*f + 6*z + k, -f + h = -3*z. What is the remainder when f is divided by 41?
39
Calculate the remainder when ((-2)/4)/((-1)/512) is divided by 9/63 + 2404/28.
84
Suppose -78*c - 289 + 483 = -1288. Calculate the remainder when 111 is divided by c.
16
Let i(x) = -4*x - 14. Let u be i(-4). Suppose -u*v + 4 = 8. What is the remainder when 21 is divided by v/(-7) + 80/14?
3
Suppose 15*f - 10*f = 10. Suppose -2*u - 136 = -5*y - 0*u, -u = -f. Let x = 278 - 196. What is the remainder when x is divided by y?
26
What is the remainder when 114/(-608) + (-3480)/(-128) is divided by (9/6)/((-3)/(-42))?
6
Let t(q) = q**2 - 3*q + 21. Let g be t(9). Suppose g = 4*u + 87. Calculate the remainder when 12 is divided by 2*(-1)/u*(-42)/(-4).
5
Let n(c) = -45*c**2 - 31*c + 31. Let s be n(1). Let j be (-1)/((5/8)/(-5)). What is the remainder when (s/10 - 0)*j/(-3) is divided by 10?
2
Let f(c) = 29*c - 62. Let w be f(2). Let p(u) = -43*u + 7. What is the remainder when p(w) is divided by 30?
29
Let l = -2502 + 2969. What is the remainder when l is divided by 156?
155
Suppose 0 = 5*k + 3*t - 2074, -t = k + 123 - 537. What is the remainder when k is divided by 105?
101
Let j = -31 - 3. Let c = -22 - j. Suppose c*v - 318 - 222 = 0. Calculate the remainder when 223 is divided by v.
43
Let m = -4168 + 4171. Let p(g) be the second derivative of g**5/20 - g**4/6 - 2*g**3/3 + 3*g**2 - g. Calculate the remainder when 11 is divided by p(m).
2
Calculate the remainder when 691 is divided by 9 - 17 - -16 - -30.
7
Let x be (42/18*1)/(4/(-348)). Calculate the remainder when (-1)/((-1617)/x + -8) is divided by 15.
14
Suppose 4720 = -5*i + 6737 + 5563. What is the remainder when i is divided by 40?
36
What is the remainder when (-3*1)/(38/20216*-21) - -8 is divided by (-2)/5 + (-174)/(-10)?
16
Let q(z) = 15*z - 36 + 29 - 40*z - 2*z - 44. Calculate the remainder when q(-6) is divided by 18.
3
Let g = -35 - -20. Let j be 28/(-14) - -6 - (-6)/4*-28. Let l = g - j. What is the remainder when 158 is divided by l?
20
Let a = 2681 + -1862. Let g = a - 390. What is the remainder when 134 is divided by g/15 - (-6)/(-10)?
22
Let h = -2393 - -5714. What is the remainder when h is divided by 151?
150
Suppose 22*f - 106 = -18. Let z(s) = s**3 - 4*s**2 - 5*s - 3. What is the remainder when z(6) is divided by f?
3
Suppose g + 217*a - 219*a = 3*g - 20, 4*g - 14*a - 454 = 0. Suppose -3*u = 2*u + 170. Let i = -17 - u. What is the remainder when g is divided by i?
16
Suppose 25 = 5*v + w + 4*w, -2*v - w = -8. Let b(d) = 4*d + d - v + 2*d. What is the remainder when b(2) is divided by 7?
4
Let p be 4*(2 - 27/12). Calculate the remainder when 96 is divided by p/3*(-47 - 4).
11
Calculate the remainder when (354/4)/(5*(-5)/(-50)) is divided by 55.
12
Suppose -5*u + 5 = 0, 0*n - 5*n + 3*u + 117 = 0. Calculate the remainder when n is divided by (-628)/(-1099) + ((-236)/(-28) - 2).
3
Suppose -30*l = -33*l + 39. Suppose l*k = 1124 - 149. What is the remainder when k is divided by 26?
23
Let z(k) = k - 2. Let f(o) = -5*o + 28. Let s(a) = f(a) + 6*z(a). What is the remainder when 25 is divided by s(-3)?
12
Let m(u) = 9*u + 491. Let r be (-3 + 4)/3*141. Let w = r - 27. What is the remainder when m(-46) is divided by w?
17
Calculate the remainder when 485 is divided by (-10)/(-3)*(2 - (-16)/40).
5
Let b(y) = -y**3 - 3*y**2 + 8*y + 3. Let c be b(-4). Let s(t) = t**2 + 22*t + 1. Let m be s(c). Let g = m + 189. What is the remainder when g is divided by 40?
33
What is the remainder when 4575 is divided by (-148)/2516 + (681/17 - -2)?
39
Let b = 200889 - 200877. Suppose -2*l - 5 = -13. Calculate the remainder when b is divided by l.
0
Suppose -276*p + 271*p = -90. Let n = -48 + 204. What is the remainder when n is divided by p?
12
Let z = -1617 - -1631. Let h = 23 - 2. Let t = h + z. Calculate the remainder when t is divided by 9.
8
Suppose -4*z + 8 = 0, 4*k + 4*z - 9841 - 1639 = 0. Calculate the remainder when k is divided by 18.
6
Let y = -1139 + 1628. Let w = -338 + y. Calculate the remainder when w is divided by 43.
22
Suppose -102 = -29*i - 15. Suppose 0 = -3*z - 2*o + i*o + 50, -4*z + 2*o + 66 = 0. Calculate the remainder when 389 is divided by z.
15
Let w = -84027 + 84045. Let c = 0 - -9. Let g = c + 25. What is the remainder when g is divided by w?
16
Let t = 2968 + 3264. What is the remainder when t is divided by 29?
26
Let j be -2 + (-1 - 1/((-2)/10)). Suppose 0 = 3*h - j*b - 14, b = -3*h + 2*h + 3. What is the remainder when 12 is divided by h?
0
Suppose -2*r + 94 + 226 = 8*r. Let l = -57 + 100. Suppose -4*w + l = s, 3*s - 52 + 22 = -3*w. Calculate the remainder when r is divided by w.
10
Let h(m) = 53*m**3 - 7*m**2 - 2*m + 1. Let v be h(3). Suppose 9*q - v = -38*q. Suppose 0 = -3*k + 5*k - 22. What is the remainder when q is divided by k?
7
Let p(l) = -l + 29. Let t be p(18). Let c(u) = u**2 - 10*u + 26. Suppose -2*f = 186 - 554. Calculate the remainder when f is divided by c(t).
36
Let b(z) = z - 15. Let c be b(15). Let x(w) = w - 31. Let s be x(c). Let f = 140 + s. Calculate the remainder when f is divided by 28.
25
Suppose 15*r - 1002 - 108 = 0. Calculate the remainder when 960 is divided by r.
72
What is the remainder when (-6)/9*34/(612/(-36882)) is divided by 342?
340
Suppose r = -7*r + 24. Suppose -113 = -r*n - u - 25, 25 = -5*u. What is the remainder when n is divided by 16?
15
Let f = -41854 - -42592. Calculate the remainder when f is d